 highest common factor of 8199 and 285143?
911
What is the greatest common factor of 2037 and 56?
7
What is the greatest common factor of 284505 and 86081?
1459
Calculate the highest common factor of 1090 and 2767510.
1090
Calculate the greatest common divisor of 1849038 and 222.
222
What is the highest common divisor of 13554 and 11797?
251
Calculate the highest common divisor of 3707 and 44147.
337
What is the highest common divisor of 2796 and 39204?
12
Calculate the greatest common divisor of 960 and 34920.
120
What is the greatest common divisor of 13 and 3143621?
13
What is the greatest common factor of 101 and 19089?
101
What is the highest common factor of 14404 and 12?
4
Calculate the highest common factor of 2394626 and 124.
62
What is the highest common divisor of 194 and 328733?
97
Calculate the highest common factor of 110 and 590030.
10
Calculate the greatest common divisor of 8889 and 219.
3
What is the highest common factor of 624 and 157092?
156
Calculate the greatest common divisor of 8 and 150004.
4
What is the greatest common factor of 685502 and 2230?
446
What is the highest common divisor of 16 and 192160?
16
What is the highest common divisor of 345 and 27620?
5
Calculate the greatest common factor of 12376 and 403.
13
What is the highest common divisor of 430 and 105850?
10
Calculate the greatest common factor of 99470 and 290.
290
Calculate the highest common factor of 1842851 and 17.
17
Calculate the highest common divisor of 9656 and 194256.
568
Calculate the greatest common factor of 249 and 335652.
249
Calculate the greatest common divisor of 3471 and 429.
39
What is the greatest common divisor of 45 and 93855?
15
Calculate the greatest common divisor of 13021 and 1885.
29
Calculate the greatest common factor of 253940 and 60.
20
Calculate the highest common factor of 36 and 236286.
18
What is the greatest common divisor of 41 and 871?
1
What is the greatest common factor of 9060 and 4356?
12
Calculate the greatest common factor of 14541 and 238551.
393
Calculate the highest common factor of 112 and 116452.
28
Calculate the greatest common divisor of 779915 and 3775.
755
Calculate the greatest common factor of 2440 and 11590.
610
Calculate the highest common divisor of 465 and 1280.
5
Calculate the highest common factor of 301 and 15127.
7
What is the highest common divisor of 30 and 49695?
15
What is the highest common factor of 10719550 and 50?
50
What is the highest common divisor of 2176 and 23596?
68
Calculate the greatest common factor of 752 and 141.
47
What is the greatest common factor of 7363 and 74?
37
Calculate the greatest common divisor of 3080 and 4730.
110
What is the greatest common divisor of 6324 and 5704?
124
Calculate the highest common factor of 363528 and 4114.
374
What is the highest common divisor of 850782 and 646?
646
Calculate the greatest common divisor of 192 and 2105920.
64
Calculate the greatest common factor of 94 and 613726.
94
Calculate the greatest common factor of 180642 and 3696.
462
What is the highest common divisor of 219825 and 30?
15
Calculate the greatest common divisor of 1067191 and 74.
37
Calculate the greatest common divisor of 1694 and 3850.
154
Calculate the greatest common divisor of 1152 and 132.
12
Calculate the greatest common divisor of 4708 and 963.
107
Calculate the highest common divisor of 72 and 5694504.
24
What is the highest common factor of 578 and 7866002?
578
What is the highest common factor of 24662 and 266?
38
Calculate the greatest common factor of 383970 and 1590.
30
What is the highest common factor of 164 and 16769?
41
What is the highest common factor of 260650 and 401?
401
Calculate the greatest common divisor of 4899 and 2139.
69
What is the highest common factor of 6422 and 114?
38
Calculate the highest common divisor of 385 and 17185.
35
What is the highest common factor of 143374 and 19152?
266
Calculate the highest common divisor of 63951 and 18.
3
Calculate the highest common divisor of 3927 and 272646.
561
Calculate the greatest common factor of 78 and 5096.
26
Calculate the greatest common factor of 29511 and 243.
27
What is the highest common divisor of 792 and 12123?
9
What is the greatest common factor of 143349 and 8749?
673
What is the greatest common divisor of 6184 and 3184?
8
Calculate the greatest common factor of 88 and 13400.
8
What is the greatest common divisor of 238204 and 10540?
2108
What is the highest common divisor of 287 and 2148769?
287
Calculate the highest common divisor of 47573 and 842.
421
What is the highest common divisor of 147700 and 3376?
844
Calculate the greatest common divisor of 32337 and 18.
9
Calculate the highest common divisor of 351329 and 41.
41
What is the greatest common factor of 54456 and 1536?
24
Calculate the greatest common divisor of 41 and 9143.
41
Calculate the highest common factor of 199059 and 3.
3
What is the greatest common factor of 24 and 53048?
8
Calculate the highest common divisor of 2345 and 5197927.
469
Calculate the highest common factor of 12 and 33076.
4
What is the highest common factor of 11776 and 1564?
92
What is the greatest common divisor of 364 and 1162798?
182
Calculate the greatest common divisor of 386 and 97465.
193
Calculate the greatest common factor of 556963 and 11.
11
What is the highest common factor of 3082 and 1058?
46
What is the greatest common divisor of 18 and 2049?
3
Calculate the greatest common factor of 390 and 245.
5
Calculate the greatest common factor of 281941 and 1491.
71
Calculate the highest common factor of 7116 and 1548.
12
Calculate the greatest common factor of 170 and 1097945.
85
What is the greatest common factor of 384 and 25512?
24
What is the highest common divisor of 1225 and 6552525?
1225
What is the highest common divisor of 57 and 273125?
19
What is the highest common divisor of 267 and 18957?
267
What is the highest common factor of 73625 and 380?
95
Calculate the greatest common factor of 1424 and 720.
16
What is the highest common factor of 3 and 5155?
1
Calculate the highest common factor of 84576 and 12.
12
What is the highest common divisor of 94565 and 35?
5
Calculate the highest common divisor of 2596941 and 486.
243
What is the highest common factor of 28 and 16996?
28
What is the greatest common divisor of 453 and 476103?
453
Calculate the greatest common divisor of 19663 and 29680.
371
What is the highest common factor of 2622 and 61134?
138
Calculate the highest common factor of 296 and 4086206.
74
Calculate the highest common factor of 37 and 115107.
37
Calculate the greatest common divisor of 182 and 1253.
7
Calculate the greatest common factor of 5097955 and 730.
365
What is the highest common factor of 808 and 34?
2
What is the highest common factor of 80208 and 64?
16
Calculate the highest common divisor of 31692 and 66.
6
Calculate the highest common divisor of 44122 and 351.
13
Calculate the highest common divisor of 4732 and 30212.
364
What is the highest common divisor of 10872 and 18422?
302
Calculate the greatest common factor of 7154 and 15184.
146
Calculate the highest common divisor of 378016 and 64.
32
Calculate the greatest common divisor of 609 and 119.
7
Calculate the greatest common factor of 13024 and 583.
11
Calculate the greatest common factor of 14 and 370559.
7
What is the highest common divisor of 22413 and 6324?
93
What is the greatest common divisor of 1070604 and 162?
54
Calculate the highest common factor of 20124 and 284076.
468
Calculate the greatest common divisor of 3825 and 104805.
765
Calculate the greatest common divisor of 414 and 50634.
18
What is the greatest common divisor of 6304 and 5536?
32
What is the highest common factor of 215 and 5140607?
43
What is the highest common factor of 6 and 944574?
6
Calculate the greatest common factor of 2244618 and 197.
197
Calculate the greatest common factor of 7914 and 102.
6
What is the highest common divisor of 87040 and 68?
68
What is the greatest common divisor of 890 and 50374?
178
Calculate the greatest common factor of 91 and 1211.
7
Calculate the highest common factor of 488 and 564860.
244
What is the highest common factor of 46 and 2130145?
23
What is the highest common factor of 168 and 24296?
8
What is the highest c